t r(z) be the third derivative of -z**6/120 + z**5/15 - 5*z**3/6 + 16*z**2. Give r(v).
-5
Let y(v) be the second derivative of -10*v**3/3 + 243*v. What is y(-1)?
20
Let m(u) be the second derivative of -u**3/6 + 3*u**2/2 + 3*u + 2. What is m(1)?
2
Let j(n) = 38*n + 18 - 93*n + 56*n + n**2 - n**3. Suppose -4*x = -5*h + 8, 4*x = 3*h + 3*x - 2. Determine j(h).
18
Let y(v) = 2. Let b(t) = t. Let s(x) = -2*b(x) + 2*y(x). Let g be -3*-1*(-2 + 3). Calculate s(g).
-2
Let m(v) = -2*v**3 - 2*v**2 + v - 1. Let c be -8*6/(-288)*6. What is m(c)?
-4
Let y(m) = -m**2 - 2*m - 4. Let p(b) = -b**2 - 3*b - 4. Let a(f) = -2*p(f) + 3*y(f). Suppose -47*x - 51 + 51 = -30*x. Calculate a(x).
-4
Let z = 33 + -79. Let q = z + 47. Let n(j) = -j**3 - j**2 + 1. Give n(q).
-1
Let z(o) be the second derivative of -7/2*o**2 - 4*o + 1/3*o**3 + 0. Calculate z(7).
7
Let c = -24 + 23. Let t(r) = r**3 - r**2 + r. Let d(x) = 5*x**3 - 10*x**2 + 4*x. Let m(s) = c*d(s) + 4*t(s). What is m(6)?
0
Let z(k) = -16*k - 80. Let x be z(-5). Let c(m) = m**2 + m - 2. What is c(x)?
-2
Let o(p) = -p**3 + 14*p**2 + 15*p + 9. Let h = 249 - 234. What is o(h)?
9
Let a(s) = -4 + 6 - 2 - 4 - 2*s. Let z(x) = x**2 - 9*x + 6. Let j be z(9). Suppose 4*l = 2*l - j. Give a(l).
2
Suppose 4 = -2*g + 2. Let h(j) be the third derivative of -7*j**5/60 - j**4/24 - j**3/6 - 406*j**2. Calculate h(g).
-7
Suppose 2*y + 9 = 5*y. Let u(s) be the second derivative of -s**4/6 - s**3/3 + 3*s**2/2 - 190*s. Calculate u(y).
-21
Let m(p) = -p**3 + 5*p**2 + 1. Let z(b) = 2*b**2 + 34*b + 37. Let l be z(-16). Determine m(l).
1
Let w(q) = -3*q**3 + 5*q**2 + 9*q - 2. Let g(b) = -10*b**3 + 14*b**2 + 27*b - 6. Let o(y) = 2*g(y) - 7*w(y). Calculate o(8).
-6
Let t be (-3 + 4)*(-4 + -19). Let s = -19 - t. Let u(j) = -3 - s*j + j**2 + 8*j**2 - j**3 - 15*j**2. Determine u(-4).
-19
Suppose 4*q - 4 = -5*k + 6, -10 = 5*q - 5*k. Suppose q*n + 6 = 3*n. Let m(a) = 17*a + 18*a + 6 - a**n - 29*a. Give m(7).
-1
Suppose -12 = 15*x - 27*x. Let p(l) = -44*l**3 - l + 1. What is p(x)?
-44
Let t(l) be the third derivative of l**6/120 + l**5/12 + l**4/24 + 5*l**3/6 - 8*l**2. Let s = 3 - -21. Suppose -4*b + 4 = s. Calculate t(b).
0
Suppose 15 = m - 2*j, 3*m - 55 = 5*j - 4*j. Suppose m = 3*y + q, -5*q = -1 + 11. Let t(h) = -6 + 5*h + y + 0*h. What is t(1)?
6
Suppose 6 = -23*u + 24*u. Let l(s) be the first derivative of 4*s**2 + 1/3*s**3 + u*s - 4. Calculate l(-6).
-6
Let k(m) be the second derivative of -m**4/12 + 4*m**3/3 - 7*m**2/2 + m + 3. Suppose 0 = u - 7. Determine k(u).
0
Let q(b) be the third derivative of b**4/4 + 3*b**2 + 31*b - 15. Suppose m = -0*m - 3. Let i = -4 - m. Determine q(i).
-6
Suppose -18 = -8*j - 2. Let r(f) = -456 - 5*f + 2*f**j + 2*f + 458 - f**2. Calculate r(4).
6
Let x(u) be the first derivative of u**2/2 + u + 8. Let n(w) = -w**3 + w - 2. Let h(b) = -n(b) - 3*x(b). Determine h(3).
14
Let n(j) = -j**3 - 2*j**2 + 3*j + 1. Suppose -156 = 18*h - 30*h. Let y be 0*1/(-2) - 16. Let v = h + y. Give n(v).
1
Let i(s) = 2 - 13*s + 2 + 12*s. Suppose u = 3*u + 10. Determine i(u).
9
Let g(b) be the second derivative of -b**5/20 - 5*b**4/12 + 7*b**3/6 + 3*b**2 + 9*b. Let y be g(-6). Let d(l) = 2*l - 1 + y*l + 4*l + 2*l. Calculate d(-1).
-9
Let o(w) = -2*w - 4. Let l be o(-4). Let t(h) = l*h**3 + 73*h**2 - 2*h**3 + 6 - 67*h**2 - 3*h**3. Calculate t(6).
6
Let s(a) = -2*a**3 - 2*a**2 - 3*a - 1. Suppose -6*j - 7 = 3*t - 5*j, 5*t + 6 = 4*j. Determine s(t).
13
Let h(u) = 45*u + 39*u - 82*u - 18. What is h(9)?
0
Let b(i) be the third derivative of -i**5/120 + 11*i**4/24 - 11*i**3/6 - 6*i**2. Let y(o) be the first derivative of b(o). Calculate y(0).
11
Let o(v) be the second derivative of -v**5/10 - v**4/24 + 7*v**3/3 - 4*v. Let b(d) be the second derivative of o(d). Calculate b(1).
-13
Let m(q) = 2*q - 2. Suppose -363 = -9*i - 2*i. Suppose 8 = -5*u + i. What is m(u)?
8
Let h(t) be the third derivative of -t**5/30 + t**3/2 - 122*t**2. What is h(2)?
-5
Let h(t) = -t**3 - 6*t**2 - t - 6. Suppose 19*g = 15*g. Let a(o) = -6 + 0*o**2 + o**2 + 0*o**2 - o. Let f be a(g). What is h(f)?
0
Let w(a) be the third derivative of -a**5/60 + a**4/6 - 33*a**2. Let p(o) = o**3 - 7*o**2 + 7*o - 2. Let z be p(6). Calculate w(z).
0
Suppose 10*s - 1 + 51 = 0. Let n(k) = -k**3 - 6*k**2 + 2*k**2 + 0 - 2 + 5*k + 0*k**2. Determine n(s).
-2
Let x(s) = -s**3 + 20*s**2 + s - 25. Suppose 0 = -30*r + 49*r - 380. Give x(r).
-5
Let v be (8 - -10)*(-1)/(-2). Let s be 3/v - 13/3. Let f be 1*2*(-2)/s. Let q(l) = 8*l + 1. Determine q(f).
9
Suppose 0 = -r - 3 + 5. Suppose 6 = -p + g, g = 4*p + 13 + r. Let b(v) = 3*v - 2*v + v**2 - 4 + 0. Determine b(p).
2
Let b = -3 - -35. Suppose 8*q = -32 - b. Let w(l) = l + 6. What is w(q)?
-2
Let j(r) be the first derivative of 0*r - 1/120*r**5 + 1 + 0*r**2 - 1/360*r**6 + 4/3*r**3 - 1/2*r**4. Let d(t) be the third derivative of j(t). Give d(0).
-12
Let l(y) = y**3 + 9*y**2 - 7*y + 11. Let b(n) = 2*n**3 + 19*n**2 - 16*n + 22. Let f(x) = 2*b(x) - 5*l(x). What is f(-8)?
29
Let o(z) = -z + 2. Let k be o(-2). Let j(x) = -5*x**2 + 4*x - 5. Let u(i) = -27*i**2 + 19*i - 26. Let f(p) = 11*j(p) - 2*u(p). Determine f(k).
5
Let h(u) = -u**3 - 4*u**2 + 6*u + 6. Let b be h(-5). Suppose -1 = -n + b. Let r(w) = 1 + 1 + 7*w**n - 2. Calculate r(-1).
7
Let s(l) = 7 - 3*l + l**2 - 27 - 1. Let v be s(6). Let q(n) = n**2 - 2*n - 1. Calculate q(v).
14
Let n(u) = u**2 - 7*u - 17. Let s be (377/3)/13 - 4/6. Calculate n(s).
1
Suppose -30 = -2*p - p. Let f = p - 5. Suppose -2*h - 5*m + 18 = 0, 3*h - f*m + 2*m + 15 = 0. Let j(b) = -6*b. Determine j(h).
6
Let l = 16 + -24. Let s(r) = -r - 4. What is s(l)?
4
Let t be (-50)/(-6) + 4*(-1)/12. Let n(w) = w**2 - 10*w + 3. Give n(t).
-13
Let x be -29 - -29 - -1*2. Let d(f) be the first derivative of -f**3 + f**2/2 + 2*f - 10. Calculate d(x).
-8
Let x(h) be the third derivative of -5*h**2 - 1/6*h**4 + 1/3*h**3 + 1/60*h**5 + 0 + 0*h. Let b = -251 + 254. Determine x(b).
-1
Let n(r) = 4*r**3 - 3*r**2 + 3*r - 1. Let z(i) = -7*i**3 + 7*i**2 - 5*i + 2. Let v(m) = 5*n(m) + 3*z(m). Suppose 86 = -21*d + 212. What is v(d)?
1
Let d(k) = -36*k + 154*k - 42*k + 47 - 37*k - 33*k. Determine d(-9).
-7
Let p(g) be the second derivative of 11*g**3/6 + g**2/2 - 179*g. Determine p(5).
56
Let k be 5 + (-11 - (-10 - -6)). Let d(a) = -a - 1. Suppose 4*r - x = -29 + 5, -4*x = -3*r - 18. Let j(b) = 2*b + 2. Let n(o) = r*j(o) - 15*d(o). What is n(k)?
-3
Let l(r) = r**2 + 4*r + 3. Suppose -9*g + 4*g - 5 = 0. Let b be g/2*(-150)/(-15). What is l(b)?
8
Let t(q) = 5*q**2 + q - 4. Let d(l) = 4*l**2 - 3. Let i(y) = 4*d(y) - 3*t(y). What is i(5)?
10
Let q = 327 - 324. Let h(f) = 2*f**2 + f + 1. What is h(q)?
22
Let a(o) = -o**2 - 9*o + 13. Let r(u) = -9*u**2 - 7*u - 9. Let l be r(-1). Give a(l).
-9
Let z(t) be the second derivative of t**3/3 + t**2/2 + 4*t. Let o be 4*1/1 - 2. Suppose 3*u + 9 = -o*u + x, -u + x - 1 = 0. Calculate z(u).
-3
Let y(k) = k**2 + 29*k**3 + 25*k**3 - 2*k + 0*k**2 - 55*k**3 - 6*k**2 - 6. Calculate y(-5).
4
Let v be (-2)/(-10) + 8/(-40). Suppose v = 5*m - 10. Let t(l) = 2*l + 6 - m + 0 - l. Determine t(-2).
2
Let q(c) = -13*c**2 + 44*c**3 + 12*c - 92*c**3 - 5 + 9 + 49*c**3. Determine q(12).
4
Let c(m) = m**3 - 2*m**2 - 2*m - 6. Let i be c(3). Let h(o) = -10*o + 3. Give h(i).
33
Let f(b) = -2*b + 9. Let v be f(3). Let k(a) = a - 1. Give k(v).
2
Let f(d) be the second derivative of -d**3/6 + d**2/2 + 4*d. Suppose 4*w - 7*w - 3 = 0. What is f(w)?
2
Let t(q) = -q - 6. Let r = 440 - 449. Calculate t(r).
3
Let u(f) = f. Let m(i) = -4. Let a(s) = -m(s) - 4*u(s). Let y be 0 + 0/(-1) - -17. Suppose -6*x = -y - 1. Give a(x).
-8
Let s be (15/(-4))/((-2)/8). Let b be 4/(s/(-5) - -4). Let w(a) = 4*a**2 - 2*a. Let n(o) = o**2 + o. Let z(m) = -3*n(m) + w(m). Calculate z(b).
-4
Let h be (10/(-3))/(-5)*3. Let k(y) = -2*y**2 - 4*y**h + 3*y + 5*y**2 + 2 + 0. Calculate k(3).
2
Let o(w) = -4*w - w + 3 - 4*w + 0*w. Let r be o(1). Let m(p) be the first derivative of p**2/2 - 2*p - 1. What is m(r)?
-8
Let i(r) = 4*r + 8. Let j = 14 - 18. Let d(z) = -z**3 - 4*z**2 - 3. Let l be d(j). Let m be i(l). Let p(q) = -q**2 - 3*q + 3. What is p(m)?
-1
Let v(n) be the first derivative of n**2/2 - 1. Let y(d) = -d**3 - 13*d**2 - 13*d - 8. Let b be y(-12). Suppose 0 = -b*l - l